z - 5*f + n = 0. Is z composite?
True
Let g = -49 + 888. Is g composite?
False
Let k = 122 + -82. Is ((-331)/4)/((-10)/k) a composite number?
False
Suppose -3*j + 5*w + 128 = -173, -w = -5*j + 487. Suppose 2*q + a - j = -0*a, 0 = 4*q - 4*a - 164. Is q a composite number?
True
Suppose 16*g = -3*g + 5282. Let b = g - -4613. Is b a composite number?
True
Is 4/12*2071 - 10/(-15) prime?
True
Suppose -6*q + 4*q + 20 = 0. Let r be (16/q)/((-28)/(-1330)). Is r - (1 + 1) - -3 prime?
False
Let y(m) = -2*m. Let c(j) = -11*j + 8. Let q(w) = -2*c(w) + 6*y(w). Is q(9) a composite number?
True
Let n be 13 + 1 - (-7 + 9). Is 2036/24 + 0 - (-2)/n a prime number?
False
Suppose -4*h + 8*h - 5*f = 139228, -5*f = 0. Is h a composite number?
False
Let r(d) = d**3 + 16*d**2 - 18*d - 18. Let u be r(-17). Is (-259)/u + (-8 - -12) a composite number?
False
Let a(p) be the third derivative of -p**6/30 + 7*p**5/60 + 7*p**4/24 - 5*p**3/6 - 31*p**2. Is a(-3) a composite number?
True
Let z(p) = p + 11. Let g be z(-6). Suppose 0 = -5*h - g*d + 30, d - 12 = -2*d. Suppose h*x + 36 = 2*w, 4*w - 3*x - 68 = 2*x. Is w a composite number?
True
Suppose 0*c - 450 = -2*c + 5*o, -4*o + 698 = 3*c. Suppose 0 = y - c - 1823. Is y a prime number?
True
Let q(k) = -14*k + 8*k + 1172*k**2 + 5*k. Suppose 2*c = 4*c - 2. Is q(c) a composite number?
False
Let a = 60 - -9. Suppose -i + a + 78 = 0. Let k = i + 14. Is k prime?
False
Suppose -94520 - 176823 = -31*c. Is c a composite number?
False
Let x = -56 + 35. Let b = x - -5. Is b - -16 - (1 + -332) a prime number?
True
Suppose 0 = 307*t - 303*t - 2804. Is t prime?
True
Suppose 2*p = -p. Suppose 0*i + i - 141 = p. Is i a prime number?
False
Suppose -25 = -8*c + 3*c. Suppose -c*z + 2*z = 6. Is z*(3 + -4) + 199 composite?
True
Let z = 1708 - 1175. Is z composite?
True
Suppose 11*w - 7960 - 62121 = 0. Is w prime?
False
Suppose u + 4*u - 2*d = 13, u + 5*d = 8. Let l be 8/u*(-732)/(-16). Let k = -35 + l. Is k a composite number?
True
Suppose 7*i - 51 = 166. Let f = i + 85. Suppose 0 = 3*d + f - 1037. Is d composite?
False
Let p be (6*(-4)/(-28))/(6/28). Is 2*(5 - (-506)/p) a prime number?
True
Suppose 0 = 4*f + q - 34649, 8657 = -6*f + 7*f + 2*q. Is f composite?
False
Let r(b) = 86*b**2 - 10. Is r(6) composite?
True
Let x(m) = -125*m**2 - 1. Let a be x(-1). Let z = a - -223. Suppose 0*o - o + z = 0. Is o a composite number?
False
Suppose -v - 3*j = -403, 1251 = 3*v - 10*j + 5*j. Suppose 0 = z + 4*n - n - v, -5*z + 5*n = -1960. Is z a prime number?
True
Suppose p + 408 = -4*g, -p - 413 = -3*g + 2*g. Let m be p/(-8)*-4*2. Let l = m + 827. Is l composite?
True
Let p = 56 + -57. Let u(a) = 1559*a**2 + 3*a + 3. Is u(p) prime?
True
Suppose -140 + 32 = g. Let t(a) = 4*a**2 - 9*a - 3. Let r be t(-6). Let z = g + r. Is z a composite number?
True
Suppose 2*q + 3*w - 4683 = 0, 4 = -4*w + 16. Suppose -26*z - q = -29*z. Is z a composite number?
True
Let k(c) = 19*c + 27. Let q be k(-6). Let i = q + 108. Is i prime?
False
Suppose 16 = 15*s - 89. Suppose s*r - 321 - 21218 = 0. Is r a composite number?
True
Let d = -48 - -130. Is (3 + (-4)/(-8))*d composite?
True
Suppose -3*f + 3 + 6 = 0, s - 5*f = -18. Suppose -37 = 3*y - 4*j, y + 4*j = 1 + 8. Is (-4 - y/s)*-69 composite?
True
Suppose -h - 232 = -q + 381, 0 = -q + 2*h + 613. Is q a prime number?
True
Let q(n) = 44*n + 2. Let l(t) = -177*t - 9. Let v(f) = -f**3 + 8*f**2 + 5*f + 10. Let w be v(9). Let m(s) = w*q(s) - 6*l(s). Is m(-2) prime?
False
Let f = 16 + -12. Suppose -f*h + 86 = 5*m, 0*m - 5*m - h + 89 = 0. Suppose -m + 405 = 3*o. Is o a prime number?
False
Let m(c) = -1030*c**3 + 2*c**2 - 8*c - 13. Is m(-2) composite?
True
Let y(m) = -3*m**3 + 47*m**2 + 45*m + 24. Is y(-17) composite?
False
Let a(o) = o**3 - 2*o**2 + 15455. Let g be a(0). Suppose -4*i + g + 317 = 0. Is i a prime number?
True
Suppose -2*n - 90 = -5*n + 2*p, n + 3*p = 41. Suppose -4*d + 109 = -335. Suppose -n = -l + d. Is l composite?
True
Let p = 73711 + -46038. Is p composite?
False
Let l(t) = 83*t + 17. Let n(u) = 250*u + 51. Let j(p) = 11*l(p) - 4*n(p). Is j(-13) a composite number?
True
Let k be 0 - 2/(-7) - (-562)/(-7). Let r = k + 154. Is r a composite number?
True
Let n = -21989 + 52668. Is n a composite number?
True
Let t = -18 - -19. Let z(q) = -16*q**3 - q. Let j be z(t). Is 2/j - 21534/(-102) a composite number?
False
Let q = 61 - 13. Is (197/(-3))/((-8)/q) composite?
True
Let p(v) = 700*v**2 - 31*v + 121. Is p(4) a prime number?
True
Suppose 2*t - 8 = -2*v + 12, 5*v - 30 = -3*t. Let j be 18/288 - (-143)/16. Is 291 - j/(45/t) a prime number?
False
Let m = -5473 - -8432. Is m composite?
True
Let m(y) = -y**3 + 16*y**2 - 23*y - 53. Is m(-18) prime?
False
Suppose -4*x - 16 = -4*n, -4*n + 0*x + 16 = x. Suppose 3*y = k + 3*k + 22, 4*y + 3*k + n = 0. Suppose -5*s + 957 = -y*s. Is s a prime number?
False
Let u = 6364 + -863. Is u composite?
False
Let a = 5051 - 3358. Is a composite?
False
Suppose -2*u = -0*x - x + 3449, -2*u - 17277 = -5*x. Suppose 0*l = 2*r + 2*l - 1384, -5*r = 4*l - x. Is r composite?
True
Suppose -3*p + 5*f - 33 = 0, -3*p + 7*p = 2*f - 30. Let s be (2 - (-8)/(-3))*p. Suppose -5*t + 325 = s*h - 98, 4*h = -t + 75. Is t prime?
False
Let r be -4 - (-4)/(16/(-1268)). Let y = r - -544. Is y a prime number?
True
Let x(w) = w**2 + 13*w - 21. Let c be x(-15). Suppose 3*p = c*p - 7518. Is p prime?
False
Let j be (8/(-8))/((-2)/52). Suppose 0 = j*y - 24*y - 892. Is y composite?
True
Let h = 5 + -4. Let n be 316*h + (-6)/6. Suppose 4*b - n - 1321 = 0. Is b a composite number?
False
Is 4547/(90/22 - 4) composite?
True
Suppose 3*j - 6302 = -2675. Suppose -3113 = -2*w + j. Is w a composite number?
False
Let u(y) = -10449*y - 44. Is u(-3) a composite number?
True
Let u be 0*(28/(-12) + 2). Let c be 2 - u - (-60)/(-4). Is 1*c/(2/(-2)) prime?
True
Let c(a) = 24*a**2 + 27*a + 17. Is c(-24) composite?
True
Let w be (0 - 1)*1*6159. Is (-1)/(-4 + (-24633)/w) a prime number?
True
Suppose -13*y + 3*y = -50. Let p(c) = 9*c**3 + 5*c**2 + 7*c + 1. Is p(y) composite?
True
Suppose -14 - 16 = -6*t. Let s be (1 + 6685 - 0) + 0. Is (-7)/35 + s/t a composite number?
True
Let z be 48/16 + 1 + 1. Suppose -65 + 10 = -z*l. Is l a composite number?
False
Suppose 0 = -3*c - q - 311 - 1349, 3*c + 2*q + 1664 = 0. Let z = c + 394. Let p = -31 - z. Is p prime?
True
Suppose k - 3*b = -0*k + 16, 2*b + 28 = 5*k. Suppose -k*o - 15 + 11 = 0. Is -3 - (2 + o + -159) a composite number?
True
Let i be (-1)/(0 - (-2)/28). Let k = 10 + i. Is 1842/k*20/(-30) prime?
True
Let n be 2/10*(-5 - -10). Let o(y) = 24*y**3 + 1. Let j be o(n). Suppose i - 198 = j. Is i a composite number?
False
Suppose -13 = 2*p - 9. Let r(m) = -118*m + 14. Let q be r(-6). Is p + -3*q/(-6) composite?
False
Is (-24031)/28*7/(21/(-36)) prime?
False
Let q(g) = -115*g**3 - g**2 + g - 1. Let k be q(1). Let l = k + -163. Let b = 596 + l. Is b a composite number?
False
Let q = -429 - -209. Let h = 321 - q. Is h composite?
False
Suppose 3*t = -2*n + 16461, 0 = 4*t - 7*n + 10*n - 21947. Is t a composite number?
True
Let r(u) = -37*u**3 - 3*u**2 - 2*u + 2. Let n be r(-2). Suppose -4*z - n = 298. Let w = 232 + z. Is w prime?
False
Let u(o) = -o**3 - 7*o**2 - 7*o - 2. Let s be u(-6). Let y = -2 + s. Suppose 0 = y*c + 2*c - 2004. Is c composite?
True
Suppose 8291 + 3397 = 4*j + 5*n, 5*n + 5814 = 2*j. Is j prime?
True
Let s be (3/6)/((-2)/52). Let x be 1/2*(s + 25). Suppose -3*q = u - x*q - 39, 3*u = -4*q + 91. Is u prime?
False
Is (136450/175)/((-6)/(-21)) composite?
False
Let a be 4/(-22) + 1511742/66 + 0. Suppose -a = -15*m + 6*m. Is m composite?
True
Let h = 129 + 32. Suppose -2*b - 76 = -8. Let l = b + h. Is l a composite number?
False
Let b = -34579 - -122658. Is b a prime number?
True
Suppose 0 = -2*f - 0*f - 28. Let k = -11 - f. Suppose -k*g + 620 - 47 = 0. Is g prime?
True
Is -6387*6/((-162)/63) a prime number?
False
Suppose -w = 5*b - 33171, 2*w - 20*b = -18*b + 66390. Is w a composite number?
False
Let h(r) = -55*r + 58. Is h(-27) composite?
False
Is (12 - 14)/(6/(-4971)) prime?
True
Let m(c) = -74*c**3 + 3*c**2 + 3. Let i be m(-3). Suppose 5*x - i = 4267. Is x prime?
True
Suppose -10*n = -8*n + 820. Is (n/3)/(52/(-78)) a prime number?
False
Suppose 5*f - 2*f = 0. Let l be 38/19 - f/(-1). Suppose 4660